pose 1726 = -6*t + y*t. Is t a composite number?
False
Let f(n) = n**3 - 8*n**2 + 8*n - 4. Let w be f(7). Suppose w*x - 3 = 3*c, -3*c - 13 = -5*x - 0*c. Is 2/x - 3801/(-35) a prime number?
True
Let q = 76 - 71. Is 1102/((q - (-3 - -4)) + -2) a composite number?
True
Suppose 5*f = g - 889, 2*g + 2*f = -2*f + 1792. Suppose -4*o + g = -734. Is o prime?
False
Let x(i) be the third derivative of i**5/60 - 11*i**4/24 - 25*i**3/6 + 12*i**2. Is x(16) a composite number?
True
Let l = -111 - -107. Is l/10 + 1*(-8287)/(-5) composite?
False
Let q(k) = -4*k**3 + 4*k**2 - 2*k - 35. Is q(-8) composite?
True
Suppose -3*g - 18 = -3*h - 3, 0 = 5*h - 25. Is 39*1/(1 - g) a prime number?
False
Suppose -6*z - 365 = -3167. Is z composite?
False
Let a(m) be the first derivative of 9*m**2/2 + 14*m - 7. Is a(11) a prime number?
True
Suppose -4*h - 3765 = -0*h + 5*y, 0 = 4*h - 3*y + 3789. Let v = h + 2006. Is v a composite number?
False
Let o(u) = 98*u**2 + 4*u + 5. Let i(m) = -3*m - 32. Let w be i(-10). Is o(w) composite?
False
Let w(m) = m**2 - 4*m + 3. Let s(a) = -a + 6. Let f be s(3). Let l be w(f). Suppose 635 = -l*j + 5*j. Is j a prime number?
True
Let s = 136798 + -70085. Is s prime?
True
Let u(g) = 1270*g - 22. Let k be u(3). Suppose 27*q = 23*q + k. Is q prime?
True
Suppose 2*f + 1406 = -3*i - 2076, 5*f - i = -8705. Let c = -1160 - f. Is c a prime number?
False
Suppose -7*k = -3*k, 5*p - 4*k - 5305 = 0. Is p a composite number?
False
Let m = 30774 + -17483. Is m prime?
True
Let n = 633 + 474. Let b = 2174 - n. Is b a prime number?
False
Let q be 1/(-1)*(-3 + -2). Suppose g - 759 = 4*b + 2, -2*g + 1510 = -q*b. Is g a prime number?
False
Let r(x) = -x**3 - 5*x**2 - x - 2. Let m be r(-5). Suppose -s = m*s. Is 145 + (5 - (s + 1)) composite?
False
Let d(x) = 906*x - 17. Is d(5) a composite number?
False
Let m = 4 + 11. Suppose 11*d - 8 = m*d. Is 9495/75 + d/(-5) composite?
False
Suppose -2*j + 629 = -5*c - 1484, 4*j - 4202 = 2*c. Suppose -2*d + 75 = -2*y + j, -d = 0. Is y a prime number?
True
Let t(j) = 4*j - 20. Let y be t(0). Let k(l) = -26*l - 21. Is k(y) a composite number?
False
Suppose -4*g + 652736 = 4*l, -2*l + 4*g = -257387 - 68963. Is l prime?
True
Let z(c) = -c**3 - 15*c**2 - 14*c + 6. Let j be z(-14). Suppose 2*o + 8 = j*o. Suppose o*d = -u + 9, -5*u + 34 = -2*d - 35. Is u composite?
False
Let w be 238 + 2/1 - 2. Suppose 0*k = 3*k + 357. Let i = w + k. Is i a composite number?
True
Let r(w) = -5866*w + 2. Let j be r(-1). Suppose j + 7775 = 7*o. Is o prime?
True
Let z = -33 - -32. Is ((-822)/(-18) + 4)/(z/(-21)) a composite number?
True
Let r(z) be the first derivative of -z**2 - 16*z + 8. Let j be r(-9). Suppose j*q = u + 110, 5*q - 204 = 2*u + 69. Is q a composite number?
False
Let p = -1411 + 4864. Is p a prime number?
False
Let j = -7 - -9. Suppose -2*t = -4*b - 6, j*b + 2*t + 10 - 4 = 0. Is b + (-3 - (-417)/3) a prime number?
False
Is (2057 - 18) + (0 - -1 - -1) a prime number?
False
Let t(u) = -5*u**3 + 11*u**2 - 23*u + 13. Let y be t(6). Let k = 1366 + y. Is k prime?
True
Let d be (((-5)/(-1))/10)/(1/3336). Let o = 2755 - d. Is o prime?
True
Let k(l) = -l**2 - l + 10. Let q be k(-3). Suppose -5*i - 453 = -q*v + 411, -20 = -5*i. Is v a composite number?
True
Let x be (-2 + 17)/(6/4). Suppose 0 = -x*u + 2*u + 3576. Is u composite?
True
Let v = 20 + -53. Let c = v - -52. Suppose 3*g + 38 = u, c = 2*u + 5*g - 2. Is u a prime number?
True
Let v = 1478 - 436. Is v a prime number?
False
Let z be (5/3)/(-5*(-1)/105). Let d = z - -2. Is d a prime number?
True
Suppose 18 = 5*u - 4*c + 6, -2*u + 3*c = -9. Is (242 + u)*2/4 composite?
True
Let a(u) = -4*u**3 - 17*u**2 - 4*u + 35. Is a(-12) composite?
False
Let t = -5416 + 21765. Is t a composite number?
False
Let c(q) = q**3 - 7*q**2 - 18*q + 2. Let h be c(9). Let g(p) = 26*p + 1. Is g(h) prime?
True
Let n(j) = -j**3 + 4*j**2 - 3*j + 4. Let k be n(3). Let f(z) = 7 + 1225*z**2 - z - 595*z**2 - 595*z**2. Is f(k) a composite number?
False
Let u(j) = j**2 + 18*j + 1567. Is u(0) prime?
True
Let s be 3/(-18)*-4*(19 - 7). Suppose -s*o + 3012 + 5540 = 0. Is o a composite number?
False
Suppose -g + 5*g - 12 = 0. Suppose 2*b = -0*b + 8, 650 = 2*c + g*b. Is c prime?
False
Is (10/(-16))/(39/156)*-11558 a prime number?
False
Suppose 0 = -5*n + 10 + 5. Suppose -3*y - f + 949 = 0, -3*y = n*f + f - 952. Suppose 4*g - y = 168. Is g a composite number?
True
Suppose -5*k = -f - 37, 3*f - 6*f + 8 = 2*k. Suppose 0 = k*n - 6*n - 199. Is n a prime number?
True
Suppose 2*w - 341 = -5*s, 0*w = -4*w + 3*s + 617. Is w a prime number?
False
Suppose -13*w - 2*h + 1594 = -9*w, -5*w - 3*h + 1994 = 0. Is w prime?
True
Let y(x) = 431*x - 2. Suppose 3*i = 4*z - 2, 2*i = -i - 5*z - 11. Let f be y(i). Let p = 1307 + f. Is p a composite number?
False
Suppose -4*d + 8 = -5*s - 0, -2*s - 4*d = -8. Suppose g = 4, s = -2*u - g - 3*g + 2778. Is u a composite number?
False
Let q be ((-7881)/(-37))/((-6)/8). Let o = q - -483. Is o prime?
True
Suppose 3*c = 7*c + 48. Let y be (-70)/c + (-22)/(-132). Suppose -v + 90 = 5*l - y*v, 6 = l - 4*v. Is l prime?
False
Let i(b) = 2*b - 4. Let a be i(-9). Let o = a + -216. Let h = -75 - o. Is h prime?
True
Let s = 1502 + 12237. Is s a prime number?
False
Suppose 18*v - 33*v = -959235. Is v prime?
True
Suppose -g = -z + 2 - 1, -4*g = 2*z - 14. Suppose z*v - 298 = v. Is v a composite number?
False
Let r = -36413 - -55252. Is r a composite number?
False
Let r(n) = 2*n**2 - n - 27. Let l(q) = q**2 - 5*q - 2. Let v be l(3). Is r(v) a composite number?
False
Let n be ((-126)/27)/(2/(-585)). Let l = n + -974. Is l composite?
True
Let b(v) = 15*v**2 - 4*v + 43. Let f = -19 - -7. Is b(f) a composite number?
False
Let q be 1 - 4 - 413*(2 + -3). Suppose 3*r - 2*r - q = -3*j, -j + 1206 = 3*r. Is r a composite number?
False
Let g(o) = 5635*o + 1163. Is g(8) a composite number?
True
Let v(w) = 21*w**2 - w - 8. Let x be v(3). Let d = 453 + x. Is d a composite number?
False
Is 389*-2*(-175)/70 composite?
True
Suppose 0 = 7*p - 203 + 497. Let c = 100 - p. Is c a prime number?
False
Let h(j) = -j + 2. Let y be h(6). Let p(o) = 32*o**2 - 3*o + 5. Is p(y) a prime number?
False
Let j = -5347 - -7640. Is j composite?
False
Let c(i) = 2*i**3 - 5*i**2 + 4*i - 2. Let r(l) = 2*l**2 + 1. Let a = 3 + -4. Let h be r(a). Is c(h) a composite number?
False
Let w(n) = -2*n**2 - 4*n + 1812. Let d be w(0). Suppose -d = -3*f + 3495. Is f a composite number?
True
Suppose -5*s = -1976 - 404. Let t = s + -337. Is t a prime number?
True
Let z(l) = -50*l**3 + 2*l**2 - 2*l - 1. Let i(y) = 51*y**3 - y**2 + y + 1. Let f(b) = -3*i(b) - 2*z(b). Is f(-2) composite?
True
Let x(k) = -999*k - 55. Is x(-4) composite?
True
Suppose -5*z - b = 3*b - 3336, 2008 = 3*z + 4*b. Suppose -6*k = -2*k - 4, -2*g = -4*k - z. Suppose g = 3*l - 1067. Is l a prime number?
True
Let p = -906 - -1681. Let d = -552 + p. Is d a composite number?
False
Let u = -4517 - -25348. Is u prime?
False
Let y(f) = -1146*f + 367. Is y(-14) composite?
False
Let q = 6843 - -5308. Is q composite?
True
Is 573/30 + 5/(-50) composite?
False
Let u(z) = 1713*z - 239. Is u(12) a prime number?
False
Suppose 0 = -2*u - 3*y + 24, -y = -2*u + 10 - 2. Is 2/(16/(-564))*(-52)/u a prime number?
False
Let n = 299 - 172. Let v = n - 81. Is v a prime number?
False
Let s(a) = 352*a**3 - a**2 + a. Let c = -6 + 7. Let l be s(c). Suppose 5*o = r + 79 - l, -1457 = -5*r + 2*o. Is r prime?
True
Let f(v) = 3*v + 8 + 4*v**2 - 12*v**3 + 2 - 3 + 0. Is f(-3) a prime number?
False
Let g be -1 - 3 - (-2 + 2538). Let d = g - -4341. Is d prime?
True
Suppose 6*y + 825 = 11763. Is y a composite number?
False
Suppose 0 = -2*d + 13 - 11, 3*z - 3*d = 59556. Is z prime?
True
Suppose -37*m + 38*m + 5*a - 65349 = 0, -4*a = -m + 65367. Is m a composite number?
True
Let x = -125 + 128. Is 2532 + (-2 - (x + -4)) prime?
True
Let d(p) = 8*p + 5*p**3 + 27 - 6*p**2 - p**2 - 32. Is d(5) a composite number?
True
Let c = 5 - 2. Suppose c*t + u = 6, 0 = 5*t - 2*u - 3 + 4. Is 218*(-3)/(-6)*t a prime number?
True
Is -21549*(-9 - 104/(-12)) a prime number?
False
Let o = -11 - -15. Is o*291/24*2 a composite number?
False
Let j be (-7)/(-2)*(-12)/(-7). Suppose -8*s = -5*s - 15. Suppose 0 = j*z - s*z - 163. Is z prime?
True
Suppose 0*h + 596 = 4*h. Is (h/